st the prime factors of 270989332.
2, 37, 1831009
What are the prime factors of 449406948?
2, 3, 1277, 29327
What are the prime factors of 6643274?
2, 11, 19, 23, 691
List the prime factors of 34939552.
2, 73, 14957
List the prime factors of 386726047.
17, 43, 529037
List the prime factors of 119329593.
3, 239, 166429
What are the prime factors of 640994638?
2, 320497319
What are the prime factors of 5976025813?
83, 2917, 24683
List the prime factors of 76527024.
2, 3, 7, 32537
List the prime factors of 5950668602.
2, 619, 1163, 4133
List the prime factors of 341344485.
3, 5, 7585433
List the prime factors of 34572760.
2, 5, 864319
What are the prime factors of 74597384?
2, 1171, 7963
What are the prime factors of 309155747?
29, 61, 174763
List the prime factors of 316400400.
2, 3, 5, 179, 491
List the prime factors of 14856948.
2, 3, 89, 4637
List the prime factors of 305115941.
13, 89, 307, 859
List the prime factors of 1055532066.
2, 3, 59, 823, 3623
What are the prime factors of 34089736?
2, 443, 9619
What are the prime factors of 371803889?
17, 137, 263, 607
What are the prime factors of 19801208?
2, 7, 347, 1019
What are the prime factors of 2113972234?
2, 11, 96089647
What are the prime factors of 587498248?
2, 73437281
What are the prime factors of 4088944781?
1619, 2525599
What are the prime factors of 486860175?
3, 5, 2163823
List the prime factors of 267213764.
2, 223, 299567
List the prime factors of 177690289.
7, 709, 35803
List the prime factors of 1619307643.
1619307643
What are the prime factors of 1595165371?
5783, 275837
List the prime factors of 107937805.
5, 2459, 8779
What are the prime factors of 840911899?
19, 4153, 10657
List the prime factors of 12974385.
3, 5, 864959
List the prime factors of 5114493.
3, 47, 107, 113
What are the prime factors of 2222295128?
2, 67, 4146073
List the prime factors of 198071021.
198071021
List the prime factors of 247815103.
17, 107, 136237
What are the prime factors of 2015939932?
2, 43, 11720581
What are the prime factors of 416208010?
2, 5, 41620801
List the prime factors of 51295387.
11, 13, 41, 673
List the prime factors of 2890858.
2, 1445429
List the prime factors of 34021946.
2, 7, 2430139
List the prime factors of 157383684.
2, 3, 89, 49121
What are the prime factors of 1355995092?
2, 3, 37, 3054043
What are the prime factors of 59860716?
2, 3, 19, 103, 2549
List the prime factors of 1657088614.
2, 828544307
What are the prime factors of 27009657?
3, 3001073
List the prime factors of 604874763.
3, 41, 139, 3931
List the prime factors of 2269594005.
3, 5, 7, 59, 199, 263
List the prime factors of 228194658.
2, 3, 31, 45439
List the prime factors of 1114511113.
14407, 77359
List the prime factors of 39868924.
2, 257, 38783
What are the prime factors of 32155351?
32155351
List the prime factors of 649068743.
593, 1094551
List the prime factors of 636195479.
23, 27660673
What are the prime factors of 6917063527?
11, 179, 3512983
List the prime factors of 169358059.
13, 103, 126481
What are the prime factors of 53212126?
2, 11, 2418733
List the prime factors of 135171406.
2, 883, 76541
What are the prime factors of 2394654383?
11, 217695853
List the prime factors of 2340731481.
3, 11, 37, 647, 2963
List the prime factors of 3310545.
3, 5, 7, 41, 769
What are the prime factors of 4005054?
2, 3, 101, 2203
List the prime factors of 16490680.
2, 5, 17, 24251
What are the prime factors of 796695892?
2, 107, 127, 14657
What are the prime factors of 35789054?
2, 7, 79, 32359
What are the prime factors of 239686181?
7, 34240883
What are the prime factors of 282615077?
131, 503, 4289
List the prime factors of 1767135965.
5, 7, 50489599
What are the prime factors of 3496946218?
2, 79, 4483, 4937
What are the prime factors of 2713287726?
2, 3, 1607, 31267
List the prime factors of 2344627957.
7, 334946851
List the prime factors of 388984971.
3, 197, 499, 1319
List the prime factors of 2908597934.
2, 11, 2467, 53591
What are the prime factors of 35632210?
2, 5, 3563221
List the prime factors of 135346643.
135346643
List the prime factors of 40786631.
139, 2111
List the prime factors of 308216305.
5, 5569, 11069
What are the prime factors of 744439775?
5, 17, 1751623
What are the prime factors of 372061606?
2, 7, 1327, 2861
List the prime factors of 62110498.
2, 163, 190523
What are the prime factors of 48859956?
2, 3, 389, 1163
List the prime factors of 6226307441.
71, 87694471
What are the prime factors of 3019978696?
2, 7, 53928191
List the prime factors of 908094754.
2, 7, 643, 14411
List the prime factors of 50860788.
2, 3, 11, 373, 1033
List the prime factors of 99741626.
2, 383, 130211
What are the prime factors of 44127363?
3, 7, 23, 103, 887
What are the prime factors of 2533397627?
2533397627
What are the prime factors of 403224371?
11, 53, 691637
What are the prime factors of 5482600?
2, 5, 79, 347
What are the prime factors of 38667762?
2, 3, 7, 6263
What are the prime factors of 953204864?
2, 31, 233, 1031
List the prime factors of 5244285.
3, 5, 19, 18401
What are the prime factors of 96795075?
3, 5, 13, 99277
List the prime factors of 151538628.
2, 3, 23, 619, 887
List the prime factors of 462698287.
462698287
What are the prime factors of 1718590724?
2, 17, 25273393
List the prime factors of 144156589.
144156589
List the prime factors of 86490300.
2, 3, 5, 13, 67, 331
What are the prime factors of 1537319968?
2, 1531, 31379
List the prime factors of 286516526.
2, 143258263
What are the prime factors of 1112524274?
2, 29, 167, 114859
List the prime factors of 359972301.
3, 13, 241, 38299
What are the prime factors of 7885573?
23, 167, 2053
List the prime factors of 20729405.
5, 379, 10939
List the prime factors of 8720711.
17, 269, 1907
What are the prime factors of 12742661?
73, 173, 1009
List the prime factors of 213683398.
2, 179, 569, 1049
What are the prime factors of 6491525077?
21013, 308929
List the prime factors of 107569836.
2, 3, 11, 90547
List the prime factors of 7729212.
2, 3, 644101
What are the prime factors of 8276305?
5, 19, 87119
What are the prime factors of 27641925?
3, 5, 31, 1321
List the prime factors of 82102920.
2, 3, 5, 684191
What are the prime factors of 212559188?
2, 31, 1714187
List the prime factors of 276853369.
13, 23, 881, 1051
What are the prime factors of 6709433028?
2, 3, 41, 53, 79, 3257
What are the prime factors of 1004784832?
2, 15699763
What are the prime factors of 46577342?
2, 7, 43, 1579
What are the prime factors of 653024359?
13, 37, 43, 31573
What are the prime factors of 8552544339?
3, 37, 77049949
What are the prime factors of 56110501?
23, 73, 1453
What are the prime factors of 154945454?
2, 77472727
What are the prime factors of 5211513837?
3, 59, 13463
What are the prime factors of 250269733?
7, 17, 2103107
List the prime factors of 460300076.
2, 113, 229, 4447
List the prime factors of 5690013.
3, 7, 270953
List the prime factors of 110653542.
2, 3, 6147419
List the prime factors of 2011287888.
2, 3, 1039, 4481
What are the prime factors of 398938787?
13, 97, 257, 1231
List the prime factors of 17873896.
2, 43, 223, 233
What are the prime factors of 126594173?
31, 83, 49201
List the prime factors of 2720689105.
5, 544137821
What are the prime factors of 899826349?
281, 3202229
List the prime factors of 240796371.
3, 307, 261451
List the prime factors of 353036124.
2, 3, 7, 127, 3677
List the prime factors of 7199371519.
23, 577, 542489
What are the prime factors of 428473909?
31, 431, 32069
List the prime factors of 5738056348.
2, 29, 37, 1336919
What are the prime factors of 58889361?
3, 23, 239, 3571
List the prime factors of 5251167518.
2, 29, 2069, 43759
List the prime factors of 3263429558.
2, 2689, 606811
List the prime factors of 336792805.
5, 29, 1471, 1579
List the prime factors of 95322700.
2, 5, 11, 193, 449
What are the prime factors of 28166168?
2, 23, 153077
List the prime factors of 4805013931.
173, 191, 145417
List the prime factors of 294553131.
3, 107, 917611
List the prime factors of 126367298.
2, 63183649
List the prime factors of 433408806.
2, 3, 809, 3307
List the prime factors of 327553.
327553
What are the prime factors of 274135441?
8117, 33773
What are the prime factors of 165472058?
2, 163, 271, 